, 3
Suppose -4*d + 2*d = 70. Let c = d - -40. List the prime factors of c.
5
Let c = 12173 - 8583. List the prime factors of c.
2, 5, 359
Let u(a) = a**3 - 4*a**2 - 4*a + 4. Let x = -34 - -20. Let d = 19 + x. What are the prime factors of u(d)?
3
Let b(j) = 1649*j + 177. What are the prime factors of b(2)?
5, 139
Suppose 5*t - 5 = -i + 26, 4*t - 3*i = 21. Let h = 295 - 155. Suppose -t*x + x = -h. List the prime factors of x.
2, 7
List the prime factors of (-1)/(6/(-2760)) - -4.
2, 29
Let t(j) be the second derivative of -j**5/20 + 3*j**4/4 - 3*j**3/2 + j**2/2 + 7*j. List the prime factors of t(6).
5, 11
Let i be (-2)/(-2)*(53 - -8). Suppose -167 = -f - i. List the prime factors of f.
2, 53
Let c be 1 + 0 + (-4 - -3). Let m(l) = -3*l + 70. List the prime factors of m(c).
2, 5, 7
Suppose 6*g + 3*k = g + 81, -k = -3*g + 57. Suppose 0 = -0*i + i + 3*w + g, i = -w - 8. Let z = 22 + i. What are the prime factors of z?
19
Let k be 1*3/3*2. Suppose -4 - k = -2*m. Suppose m = -0*j + 3*j, 3*o - 27 = 3*j. What are the prime factors of o?
2, 5
Suppose 2*r - 9 = -2*j - 3, 0 = r + 2*j - 2. Suppose 2*w - r*o = 158, w - 4*o = 3*w - 158. List the prime factors of w.
79
Suppose -1 = 4*q + 3*s, 2*s - 2 - 2 = -5*q. Suppose -3*l = q*l - 345. List the prime factors of l.
3, 23
Let y(h) = -149*h - 82. Let v(f) = -37*f - 20. Let j(q) = -9*v(q) + 2*y(q). List the prime factors of j(3).
11
Let j = -1158 - -3146. List the prime factors of j.
2, 7, 71
Suppose a + 5*b + 12 = 0, 5*a - 5*b + 7 - 37 = 0. Suppose 4*g = 5*x - 4, 1 = 5*g - 4*x - a. List the prime factors of (30/g)/(24/160).
2, 5
Suppose 5*z - 56 = z. Let j be (-10)/(-4) + 7/z. List the prime factors of j*7 + (6 - 4).
23
Let c(r) = -40*r - 2. Let f(b) = b + 11. Suppose -2*s - 21 - 5 = 0. Let g be f(s). What are the prime factors of c(g)?
2, 3, 13
Let l = 0 - -3. Suppose -2*b - 15 = l*b. What are the prime factors of (44 - -7)/(b/(-2))?
2, 17
Let d(b) be the second derivative of -b**5/20 + b**3/6 + 4*b**2 + 10*b. What are the prime factors of d(0)?
2
Let y(h) = 122*h**2 - 17*h - 4. List the prime factors of y(-2).
2, 7, 37
Let y(q) = -24*q + 21. Let k(f) = f - 1. Let j(w) = 42*k(w) + 2*y(w). What are the prime factors of j(-8)?
2, 3
Let k(a) = 2*a**3 - 8*a**2 - 16*a + 25. What are the prime factors of k(8)?
409
Let k = 49 - 47. Suppose -4*n - k*n = -336. List the prime factors of n.
2, 7
Suppose -5*l - 2*l = -14. Suppose l*p - 10 = -4*w, p - w = -p. Suppose -p = -b + 14. What are the prime factors of b?
3, 5
Suppose 5*g - 1 = 24. Suppose q + 33 = g*x, 0 = -4*x - x + 5*q + 45. Suppose -x*s - 192 = -10*s. List the prime factors of s.
2, 3
What are the prime factors of ((-28)/(-6))/(24/2628)?
7, 73
Let f = -2847 + 4350. What are the prime factors of f?
3, 167
Let k = -13 - -25. Suppose 4*p + 0 - k = 0. Suppose 124 = i + p*i. List the prime factors of i.
31
Suppose 7*p - 3*p = 160. Suppose 5*w = 4*j - 214 + p, -52 = -j - 3*w. Let v = j - 15. List the prime factors of v.
31
Suppose h + 4*l + 1259 = 0, 3*h + 3*l + 1259 = 2*h. What are the prime factors of (-30)/35 - h/7?
179
List the prime factors of 14885/3 - (-104)/(-156).
11, 41
Let a(i) = -994*i**3 + 3*i**2 + 2*i + 1. List the prime factors of a(-1).
2, 3, 83
Suppose -3*i - r = -2*i - 5, -2*i + 7 = 5*r. Let p be 7/2 - i/12. Suppose p*s + 12 = 99. What are the prime factors of s?
29
Suppose 7296 + 4232 = 8*w. What are the prime factors of w?
11, 131
Let q(t) = -2*t + 3*t - 20 - 4*t - 82*t**2 + 84*t**2. What are the prime factors of q(6)?
2, 17
Let s(x) = -x**3 + 4*x**2 + 5*x - 4. Let n be s(5). Let r = n - -15. List the prime factors of r.
11
Let a(g) = 14*g**2 - g - 6. What are the prime factors of a(3)?
3, 13
Let m be (-6)/10 + 80/50. Suppose 2*q - q = 4*x + 19, 2*x = -3*q + m. What are the prime factors of (-2 - -30)*q/3?
2, 7
Let g be 2*(0 + -1)/1*10. What are the prime factors of ((-3)/5 - 22/55)*g?
2, 5
Suppose 513*c - 518*c + 2530 = 0. What are the prime factors of c?
2, 11, 23
Suppose -4*w = -2*x - 20, x = -4*x - 5*w - 20. Let t(i) = 8*i + 6. Let k(y) = 4*y + 3. Let q(d) = -9*k(d) + 4*t(d). What are the prime factors of q(x)?
3, 7
Let z = -30 - -36. Suppose l + d = z*d + 31, -2*l = 5*d - 77. List the prime factors of l.
2, 3
What are the prime factors of 9/30 + (-21708)/(-40)?
3, 181
Suppose 4*h - 2874 = -2*x, 0 = -5*x - 4*h + 8*h + 7171. What are the prime factors of x?
5, 7, 41
List the prime factors of 43451/19 + (-14)/2527*-19.
2287
Let n be (-1)/((-3)/(-207)) + -1. List the prime factors of (-1000)/n*(-14)/(-4).
2, 5
Suppose -10296 = -606*s + 594*s. What are the prime factors of s?
2, 3, 11, 13
Let n(w) = -w - 6. Let q be n(-7). Let g(i) = 8*i**3 + i**2 - i. Let x be g(q). Suppose 2*c + x = -0*c + 3*o, 5*o - 16 = 2*c. What are the prime factors of c?
2
Let g = -2 + 12. Let f(u) be the first derivative of -u**4/4 + 10*u**3/3 + 3*u**2/2 - 5*u - 5. What are the prime factors of f(g)?
5
Suppose -5*w = 4*w - 27. Suppose -v + 3*r = v - 450, -5*v = w*r - 1083. What are the prime factors of v?
3, 73
Let r = -45 + 29. Let o be 8/(-12) + r/3. Let j = -2 - o. List the prime factors of j.
2
Let q = -5 - -7. Suppose -t = -4*p - 3*t + 8, -4*p + 2*t + 16 = 0. What are the prime factors of p/(1/q*2)?
3
Let c = 115 + -80. Suppose -c - 25 = -y. What are the prime factors of y?
2, 3, 5
Suppose 0 = -p + 4*p - 105. Suppose 20 + p = 5*v. Suppose 6*g - v*g + 10 = 0. What are the prime factors of g?
2
Let j = 2100 - 1318. What are the prime factors of j?
2, 17, 23
Let t = 3 - -2. Suppose 939 = 3*b - l, t*b + l - 436 = 1121. List the prime factors of b.
2, 3, 13
Suppose 3*z - 2522 = -434. List the prime factors of z.
2, 3, 29
Let l(z) = 4*z**2 - 26*z - 23. List the prime factors of l(15).
487
Suppose 0 = 26*k - 41*k + 2520. List the prime factors of k.
2, 3, 7
Suppose 8*u = 11*u - 6. Let q = 7 + u. What are the prime factors of q?
3
Let k(j) = -2*j. Let o be k(-1). Suppose 5*s + 0*v - 23 = -2*v, 5*v = o*s - 15. Suppose -18 + s = -h. List the prime factors of h.
13
Suppose 30*v - 58368 = 11*v. What are the prime factors of v?
2, 3
Let r(t) = t**3 + 6*t**2 + 10*t + 6. Let g be r(-4). List the prime factors of (32/48)/(g/(-6)).
2
Suppose 0 = -4*h - 4*n + 20, -5*h + 3 = 2*n - 16. Let u(z) = 11*z**2 + z + 6. List the prime factors of u(h).
2, 3
Suppose 2*w + 13 = 29. Suppose 5*k + 3*u = 4*k - w, -4 = -3*k + 5*u. List the prime factors of -1 + 2*(-43)/k.
2, 3, 7
Suppose -2*g - 5*l = -141, -3*g - l - 293 = -7*g. Suppose 3*c + 183 = 3*x, 3*x - 78 = -5*c + g. What are the prime factors of x?
3, 19
Let s = -1516 - -760. List the prime factors of s/(-90) - 6/(-10).
3
Let d be 55/4 - 5/(-20). Let w be 345/35 - (-2)/d. Suppose 50 = 4*k + w. What are the prime factors of k?
2, 5
Let o = 0 + 0. Suppose -2*l + 14 - 6 = o. List the prime factors of (8 + -102)*(-2)/l.
47
Suppose -2*a + 4513 = 5*l, l + 0*l + 3*a = 913. List the prime factors of l.
17, 53
Suppose -36*k + 2*n = -40*k + 5116, 5*k - 6402 = n. What are the prime factors of k?
2, 5
Let b(r) = 6*r**2 - 46*r - 151. List the prime factors of b(19).
7, 163
Suppose 10 = -4*t + 78. Suppose 5*q + t = 2*x, 0*x = 3*x + q. Let j = x - -2. What are the prime factors of j?
3
Let w(u) = -8*u + 9. Let a be w(2). List the prime factors of (a/(-14) - 165/(-2)) + 1.
2, 3, 7
What are the prime factors of ((-4606)/(-6))/((-93)/(-9) - 10)?
7, 47
Let c(s) = s**3 - 24*s**2 + 10*s + 18. Suppose o + 100 = 4*b - 0*b, -104 = -5*b - 4*o. What are the prime factors of c(b)?
2, 3, 43
Let n = 1232 + -718. List the prime factors of n.
2, 257
Let y(t) = -t - 7. Let q be y(-3). Let k(f) = 15*f - 7*f**2 + 8*f**2 + 2 - 14*f. List the prime factors of k(q).
2, 7
Let x be (1 - -3) + 80/(-20). What are the prime factors of (-4 - 6) + 7 - (-78 - x)?
3, 5
Suppose -5*f + 24 = -f. Let h = -1 + f. Suppose 103 = 4*p - h*y, -2*p - 3*p + 134 = -y. What are the prime factors of p?
3
Let n(i) = i**2 - 2*i - 27. Let r be n(-12). Let w = r - 70. List the prime factors of w.
71
Let o = 858 + 733. List the prime factors of o.
37, 43
Let l = 158 - 225. Let g = l + 178. List the prime factors of g.
3, 37
Let a(q) = -q**3 + 24*q**2 + 18*q - 108. What are the prime factors of a(23)?
5, 167
Suppose 360 + 1359 = 9*s. List the prime factors of s.
191
Suppose -2*f = -k - 8, 4*k - 3*f = k -